{"id":1352,"date":"2022-04-21T15:27:49","date_gmt":"2022-04-21T13:27:49","guid":{"rendered":"https:\/\/almconseil.fr\/?page_id=1352"},"modified":"2022-05-20T09:28:08","modified_gmt":"2022-05-20T07:28:08","slug":"developpons-votre-offre","status":"publish","type":"page","link":"https:\/\/almconseil.fr\/index.php\/developpons-votre-offre\/","title":{"rendered":"D\u00e9veloppons votre offre"},"content":{"rendered":"\n<div class=\"wp-block-columns alignwide is-layout-flex wp-container-core-columns-is-layout-9d6595d7 wp-block-columns-is-layout-flex\">\n<div class=\"wp-block-column is-vertically-aligned-center is-layout-flow wp-block-column-is-layout-flow\" style=\"flex-basis:25%\">\n<div class=\"wp-block-image is-style-rounded\"><figure class=\"alignleft size-full is-resized\"><img loading=\"lazy\" decoding=\"async\" src=\"http:\/\/almconv.cluster030.hosting.ovh.net\/wp-content\/uploads\/2022\/02\/ALM-Prestations-02-Developpons-Logo.jpg\" alt=\"\" class=\"wp-image-428\" width=\"300\" height=\"300\" srcset=\"https:\/\/almconseil.fr\/wp-content\/uploads\/2022\/02\/ALM-Prestations-02-Developpons-Logo.jpg 400w, https:\/\/almconseil.fr\/wp-content\/uploads\/2022\/02\/ALM-Prestations-02-Developpons-Logo-300x300.jpg 300w, https:\/\/almconseil.fr\/wp-content\/uploads\/2022\/02\/ALM-Prestations-02-Developpons-Logo-150x150.jpg 150w\" sizes=\"auto, (max-width: 300px) 100vw, 300px\" \/><\/figure><\/div>\n<\/div>\n\n\n\n<div class=\"wp-block-column is-vertically-aligned-center is-layout-flow wp-block-column-is-layout-flow\" style=\"flex-basis:75%\">\n<div id=\"DEVELOPPONS\" class=\"wp-block-group\"><div class=\"wp-block-group__inner-container is-layout-flow wp-block-group-is-layout-flow\">\n<h3>Th\u00e9matique 2 : D\u00e9veloppons votre offre<\/h3>\n<p><\/p>\n<p>Dans cette seconde partie de l&rsquo;accompagnement ALM Conseil &amp; Audit :<\/p>\n<ul>\n<li>R\u00e9alisons des recherches bibliographiques, une <strong>\u00e9tude de faisabilit\u00e9<\/strong> et des besoins pour r\u00e9pondre \u00e0 votre probl\u00e9matique;<\/li>\n<li>Mettons en place de <strong>nouvelles m\u00e9thodes<\/strong>, de nouveaux param\u00e8tres analytiques;<\/li>\n<li><strong>Optimisons<\/strong> les m\u00e9thodes en place;<\/li>\n<li>Recherchons des <strong>solutions alternatives<\/strong> (investissements, partenariats\u2026).<\/li>\n<\/ul>\n\n\n\n<div class=\"wp-block-buttons is-layout-flex wp-block-buttons-is-layout-flex\">\n<div class=\"wp-block-button is-style-outline is-style-outline--1\"><a class=\"wp-block-button__link has-light-gray-color has-text-color\" href=\"\/index.php\/evaluons-votre-offre\">Th\u00e9matique pr\u00e9c\u00e9dente<\/a><\/div>\n\n\n\n<div class=\"wp-block-button is-style-outline is-style-outline--2\"><a class=\"wp-block-button__link has-light-gray-color has-text-color\" href=\"\/index.php\/securisons-votre-offre\">Th\u00e9matique suivante<\/a><\/div>\n\n\n\n<div class=\"wp-block-button is-style-outline is-style-outline--3\"><a class=\"wp-block-button__link has-light-gray-color has-text-color\" href=\"\/index.php\/nos-formations\">Formations<\/a><\/div>\n<\/div>\n<\/div><\/div>\n<\/div>\n<\/div>\n","protected":false},"excerpt":{"rendered":"<p>Th\u00e9matique 2 : D\u00e9veloppons votre offre Dans cette seconde partie de l&rsquo;accompagnement ALM Conseil &amp; Audit : R\u00e9alisons des recherches bibliographiques, une \u00e9tude de faisabilit\u00e9 et des besoins pour r\u00e9pondre \u00e0 votre probl\u00e9matique; Mettons en place de nouvelles m\u00e9thodes, de nouveaux param\u00e8tres analytiques; Optimisons les m\u00e9thodes en place; Recherchons des solutions alternatives (investissements, partenariats\u2026).<\/p>\n","protected":false},"author":1,"featured_media":0,"parent":0,"menu_order":0,"comment_status":"closed","ping_status":"closed","template":"","meta":{"disable_featured_image":false,"footnotes":""},"class_list":["post-1352","page","type-page","status-publish","hentry","entry"],"_links":{"self":[{"href":"https:\/\/almconseil.fr\/index.php\/wp-json\/wp\/v2\/pages\/1352","targetHints":{"allow":["GET"]}}],"collection":[{"href":"https:\/\/almconseil.fr\/index.php\/wp-json\/wp\/v2\/pages"}],"about":[{"href":"https:\/\/almconseil.fr\/index.php\/wp-json\/wp\/v2\/types\/page"}],"author":[{"embeddable":true,"href":"https:\/\/almconseil.fr\/index.php\/wp-json\/wp\/v2\/users\/1"}],"replies":[{"embeddable":true,"href":"https:\/\/almconseil.fr\/index.php\/wp-json\/wp\/v2\/comments?post=1352"}],"version-history":[{"count":5,"href":"https:\/\/almconseil.fr\/index.php\/wp-json\/wp\/v2\/pages\/1352\/revisions"}],"predecessor-version":[{"id":1383,"href":"https:\/\/almconseil.fr\/index.php\/wp-json\/wp\/v2\/pages\/1352\/revisions\/1383"}],"wp:attachment":[{"href":"https:\/\/almconseil.fr\/index.php\/wp-json\/wp\/v2\/media?parent=1352"}],"curies":[{"name":"wp","href":"https:\/\/api.w.org\/{rel}","templated":true}]}}